18. Let w be f/9*-3 - 116. Let k be (-3)/(-15) + w/(-15). What is the greatest common divisor of k and 32?
8
Suppose 168*o - 163*o - 460 = 0. What is the highest common divisor of 115 and o?
23
Let p = -87 - -177. Let x be ((-16)/12)/(5/p). Let o be -4*6/(x/55). Calculate the greatest common divisor of 5 and o.
5
Let n(r) = r**3 - 4*r + 6. Let x be n(4). Suppose -4*o + 4*h = 6*h - 470, -466 = -4*o + 2*h. Let w = o + -111. Calculate the highest common factor of x and w.
6
Suppose 18*t - 11*t - 91 = 0. What is the greatest common factor of t and 2?
1
Suppose 18 = -2*m - m. Let z(n) = -6*n - 2. Let w be z(m). Let a be 239 + (-1 - (1 + -1)). What is the highest common divisor of w and a?
34
Let l = 874 - 855. What is the greatest common factor of 19 and l?
19
Let w(u) = 10*u**2 + 2*u - 2. Suppose 6*v = 11*v - 10. Suppose f - 6 = -v*f. Let h be w(f). Calculate the highest common factor of h and 14.
14
Let w = 42 + -24. Suppose -d - 4*k = 2*d - 2, -k = 2*d - 3. What is the highest common factor of w and d?
2
Let n be 12/((-4)/5*(-55)/22). Let h = n + 24. What is the greatest common factor of 330 and h?
30
Suppose 3*x - 15 = 78. Suppose 0 = 11*t - x - 211. Calculate the greatest common divisor of t and 77.
11
Suppose -51*f + 1053 = -12105. Calculate the highest common divisor of 6 and f.
6
Let y = 963 - 447. What is the highest common divisor of y and 12?
12
Let f = 174 - 74. What is the highest common divisor of f and 40?
20
Let l = 567 + -513. Let q = 26 - -10. What is the highest common factor of q and l?
18
Let j = -15 + 21. Suppose 2*p - 11 = -1. Suppose 3*z = -p*r + 33, 15 = 2*z + 3*r - 6. What is the greatest common factor of j and z?
6
Let n = -130 + 133. Let v be 29 - (-2 - (0 - n)). What is the greatest common divisor of 56 and v?
28
Let m be (-1 + 1)*((-25)/10 + 3). Let t(z) = z**2 - 7*z + 30. Let g be t(m). Calculate the greatest common divisor of g and 270.
30
Let w(f) = -11*f**2 + 16*f + 26. Let i(v) = -5*v**2 + 8*v + 13. Let a(c) = 13*i(c) - 6*w(c). Let g be a(-6). What is the greatest common divisor of 1 and g?
1
Let l = -344 + 364. Calculate the highest common factor of l and 44.
4
Let j = 75 + -35. Suppose -5*d - j = -10*d. Let y = -7 + d. What is the greatest common factor of 7 and y?
1
Let z be 2/(-12) + (-10 - 15915/(-18)). Calculate the highest common divisor of 46 and z.
46
Let u be 5*1/(-2)*-2. Suppose 707 = 4*s - r, 279 = -3*s + r + 810. Suppose -u*w + s = -w. Calculate the highest common factor of w and 4.
4
Suppose -4*i = -3*h - 1657 + 409, 0 = 3*h - 12. Suppose -30 - 40 = -2*t. What is the greatest common divisor of i and t?
35
Suppose 31 - 40 = -x. Let d = x + 3. What is the greatest common factor of 2 and d?
2
Let d be -3*(4/(-46) + 37/((-35742)/12796)). Let u be (-1)/4 + (-81)/(-4). Calculate the highest common factor of d and u.
20
Suppose 5*c = 21 + 19. Let k(r) = r + 39. Let u be k(-15). Calculate the greatest common divisor of u and c.
8
Suppose 4*z + 350 = 9*z. Suppose -7*r = -42 - z. Calculate the greatest common divisor of r and 48.
16
Let v = 98 - 64. Let s be (-4)/((-420)/5341) + (-2)/(-15). Calculate the highest common factor of v and s.
17
Let u = -4460 - -4536. Let f = -209 - -399. What is the greatest common factor of f and u?
38
Suppose -3*v = 3, 2*g - 3*v + 67 = 7*g. Suppose 3*f - 151 = 209. Let b = f + 34. What is the highest common factor of g and b?
14
Suppose 0 = -8*g + 170 - 10. Let t = -506 - -356. Let o = t + 250. What is the highest common divisor of g and o?
20
Let y(g) be the third derivative of g**6/120 + g**5/30 + 10*g**3/3 - 11*g**2. Let b be y(0). What is the greatest common divisor of 160 and b?
20
Let u = 1446 - 962. What is the greatest common divisor of u and 132?
44
Let s(n) = n**3 + 7*n**2 - 2*n + 177. Let u be s(0). Calculate the highest common divisor of 413 and u.
59
Suppose 3*r + 94 = 5*b, 0*b + r + 98 = 5*b. What is the highest common divisor of 65 and b?
5
Let z = -2110 + 2346. What is the greatest common factor of 1298 and z?
118
Suppose -3*f - 9 = 0, -2*n + 0*f + 47 = f. Let s = 311 - n. What is the greatest common factor of 26 and s?
26
Let v = -884 + 1526. Calculate the highest common factor of 107 and v.
107
Let g be 3*(-110)/(-15) - -6. Calculate the highest common factor of 56 and g.
28
Let p = 43 + -178. Let c be ((-8)/10)/(18/p). Let i(o) = 28*o - 8. Let q be i(c). Calculate the highest common divisor of 32 and q.
32
Let c(i) be the third derivative of -i**4/12 + 5*i**3/3 - 34*i**2. Let d be c(-12). Calculate the highest common factor of 68 and d.
34
Let f be (-2 - -4)/(7/217). Let n = f - 58. What is the highest common factor of n and 36?
4
Let i = 135 - 65. Let n = -31 + 45. Calculate the greatest common factor of n and i.
14
Let d(y) = -y**2 + 26*y + 118. Let l be d(25). What is the highest common divisor of l and 26?
13
Let p = 1257 - 1249. What is the highest common factor of 136 and p?
8
Let p = 10 + -2. Suppose 5*c = 2*g + g + 108, -8 = -2*g. Calculate the greatest common divisor of c and p.
8
Suppose -7*z + 400 = -3*z. Suppose 3 + 37 = r. Calculate the highest common factor of z and r.
20
Let j = 8553 - 8529. Let m = 3 - -3. What is the highest common factor of m and j?
6
Let v be (27/36)/(2/248). Suppose v - 9 = 4*c. Calculate the greatest common factor of 189 and c.
21
Let m(b) = -2*b**2 - 8*b + 88. Let s be m(-7). Calculate the greatest common factor of s and 115.
23
Let m(h) = -18*h - 1192. Let l be m(-69). Let q = -4 + 6. Suppose 3*n = -5*c + n + 108, q*c - 2*n = 32. What is the highest common divisor of l and c?
10
Let a be (-7 - (-11 + 3))*15. Suppose 2*x + 4*t = -6, 4*x = 2*x + 2*t + 12. Calculate the highest common divisor of a and x.
3
Let h be (-940)/(-26) + 4/(-26). Let r = h - 28. Let b be (-9)/(0 + (-3)/r). What is the highest common factor of b and 16?
8
Suppose -1 = -0*a + a - s, -4*s + 14 = a. Suppose -p + 2*p - 3 = 0. Suppose 3 = p*o, 0*z - 5*z + 88 = -2*o. Calculate the highest common factor of a and z.
2
Let m be (7 - (-456)/(-64))*-184. Suppose -4*o = -965 - 47. What is the highest common divisor of m and o?
23
Let k(a) be the second derivative of 7*a**3/6 + 16*a**2 - 2*a - 7. Let y be k(-3). What is the highest common divisor of 253 and y?
11
Let o(t) = 3*t**2 - 9*t + 320. Let u be o(0). Let a be 2/(-3) - (-122)/3. Calculate the greatest common factor of u and a.
40
Let u = -16 + -38. Let q be (-2586)/(-27) - 3/(u/4). Calculate the highest common factor of 12 and q.
12
Let f(x) = -22*x + 4. Let o(m) = 22*m - 4. Let b(a) = 3*f(a) + 2*o(a). Let u be b(-2). What is the greatest common factor of u and 432?
48
Suppose -8*c = -6*c - 56. Let b = -7 + c. Calculate the highest common divisor of 189 and b.
21
Let t(n) = 2*n + 7. Let o be (25/15)/(1/9). Suppose 2*p - 7*p = -o. Let y be t(p). Calculate the greatest common divisor of y and 65.
13
Let o(g) = 2*g - 4. Let h be o(6). Let n = -9 + h. Let r be ((-4)/(-3))/(n/(-45)). Calculate the greatest common divisor of r and 15.
15
Let k be (-13)/(3/9*(-18)/30). Suppose 5*d - 3*d - 52 = 0. What is the greatest common factor of k and d?
13
Let y(k) = 55*k + 890 - 890. Let v be y(1). What is the highest common factor of 11 and v?
11
Let l(b) = 2*b + 5. Let s be l(7). Suppose 0 = -3*c - 2*c + 25. Suppose p = c + 14. What is the greatest common divisor of p and s?
19
Suppose -2*g + 15 = -57. Let h = 21 + -48. Let k = h - -207. What is the highest common factor of k and g?
36
Let x be (39/52)/((-2)/(-8)). Let i = 17 - x. Calculate the highest common factor of i and 21.
7
Suppose 5 = 5*c - 15. Suppose 0*l - 100 = -c*l. Let j = 32 - -43. What is the greatest common factor of l and j?
25
Let j = 41 + -23. Suppose -4*q = d - 285, 0*q - 132 = -2*q - 4*d. What is the greatest common factor of j and q?
18
Let p(s) = 3*s**3 - 4*s**2 - s. Let v be p(3). Calculate the highest common divisor of v and 336.
42
Let x(r) = r + 5. Let u be x(-3). Suppose 34 + 6 = u*d. Calculate the highest common factor of 120 and d.
20
Suppose -13*i - 2*l = -17*i - 6, 11*i = 5*l - 14. Let x(n) = 2*n**2 + 2*n - 4. Let d be x(-3). Calculate the highest common divisor of d and i.
1
Let r = -12 + 22. Calculate the greatest common divisor of r and 110.
10
Suppose 0 = 6*f - 4*f - 6. Suppose -6*a = -a - 10, 686 = 4*w + f*a. What is the greates